t o = 26 + -23. What are the prime factors of (-68)/o*(-66)/44?
2, 17
Let w(a) = a**2 + 33*a - 46. Let b be w(-26). Let c = -21 - b. List the prime factors of c.
3, 23
Suppose 3*i - 2*l = 2266, 3*i = l - 0*l + 2267. List the prime factors of i.
2, 3, 7
Suppose -45*u + 48*u = -30. Let t be 1*(16 - -1) + -1. Let g = t - u. What are the prime factors of g?
2, 13
Let b = 55 + -44. Suppose -c + b*c - 640 = 0. List the prime factors of c.
2
Let b = 35 + -32. Suppose -n + b*z = -21, -2*n = -4*z + 3*z - 62. List the prime factors of n.
3, 11
Let x(z) = z**2 + 7*z + 7. Let c be x(-7). Suppose d = 2*y - c*y + 6, d + 10 = 3*y. List the prime factors of (-1 - 1)*(-5)/y.
5
Let n(z) = 27*z**3 - z**2 + z. Let y be n(1). List the prime factors of (-88)/(-2)*-5*y/(-45).
2, 3, 11
Let m(t) = -3*t**3 - t**2 - t - 1. Let g be (-1)/(-2) + (-15)/2. Let j = g + 5. List the prime factors of m(j).
3, 7
Let l(n) = -n**2 - 7*n - 3. Suppose 0 = q + 3*k + 24 - 5, 4*q = -5*k - 41. List the prime factors of l(q).
3
Let a be (-14)/(-35) - 429/(-15). Let r = -20 + a. What are the prime factors of r?
3
Suppose -10878 = 333*r - 347*r. What are the prime factors of r?
3, 7, 37
Suppose 6*o - 3*o - 9 = 0. Let f be 2 - 11/((-66)/(-24)). List the prime factors of 23/(0 + f + o).
23
Let b(k) be the second derivative of -11*k**5/10 + k**4/6 + k**3/3 + 5*k**2/2 + 32*k. What are the prime factors of b(-2)?
5, 37
Let g = 5 + -5. Let p = 14 - g. Let i = p - 7. List the prime factors of i.
7
Suppose 2*d + 4*i = -4, 2*d + 5*i = -3*d. Let m(p) = 2*p**d + 10 - p - 3*p - 4*p. What are the prime factors of m(6)?
2, 17
Suppose -p - 3445 = -6*p. List the prime factors of p.
13, 53
Let h = 127 - -629. What are the prime factors of h?
2, 3, 7
Suppose -k + 4*w - 63 - 6 = 0, -3*k - 191 = -4*w. Let q = -37 - k. List the prime factors of q/(-132) - (-24)/11.
2
Suppose -96 = -0*j - j. Suppose h = 5*h - j. List the prime factors of (156/(-48))/((-2)/h).
3, 13
Let d(k) = 169*k + 217. List the prime factors of d(13).
2, 17, 71
Suppose -t = -4*t - g + 4, -g + 1 = 2*t. Suppose -1048 = -4*i - j, -t*j - 249 = -2*i + i. What are the prime factors of i?
3, 29
Suppose 2*i - 2*b + 8 = 0, -2*i - 2*i + b - 13 = 0. Let p be 1*(-2*4 - i). List the prime factors of (-2)/p - 258/(-5).
2, 13
Let l = 20 + -17. List the prime factors of l/(-4 + (-206)/(-50)).
5
Suppose 0 = 42*y + 22*y - 42624. What are the prime factors of y?
2, 3, 37
Suppose 26*s - 119830 = -20*s. What are the prime factors of s?
5, 521
Let k(t) = 10*t**2 + 49*t + 330. List the prime factors of k(-8).
2, 17
Let k(u) = -92*u - 1. Let y be k(-1). Suppose 0 = -5*o + 119 + 151. Let v = y - o. List the prime factors of v.
37
Let v(d) be the third derivative of 0 + 0*d**3 + 3/8*d**4 - 1/60*d**5 - 5*d**2 + 0*d. What are the prime factors of v(7)?
2, 7
Let s(g) = 21*g**2 + 3*g - 12. Let w be s(-6). Suppose -6*j + w = 5*j. List the prime factors of j.
2, 3, 11
Let f(p) be the first derivative of 10/3*p**3 + 1/4*p**4 + 0*p - 10 - 3/2*p**2. What are the prime factors of f(-10)?
2, 3, 5
Let w(n) = 17*n**2 + 11*n + 5. What are the prime factors of w(5)?
5, 97
Let h be (10 - 3 - 0) + -2. Let k(d) = 22*d + 5. What are the prime factors of k(h)?
5, 23
Let c(g) = g**2 - 2*g - 9. Let p be c(5). Suppose 0*v - 348 = -p*v. List the prime factors of (v/2)/((-14)/(-14)).
29
Let z(h) = -h**2 + 161*h**3 - 1 + 67*h**3 + h - 17*h**3. Let p be z(1). Suppose -5*s + 4*o + p = 0, 5*o = -5*s - 95 + 305. List the prime factors of s.
2, 3, 7
Let x = -42 - -47. Suppose 1080 = x*n - n. List the prime factors of n.
2, 3, 5
Suppose -4*c - 5*j + 73 = 0, -5*c - 4*j - 1 = -90. List the prime factors of c.
17
Let c be -1 - 10/(-4 - -6). Let i(r) = r**3 + 5*r**2 - 7*r + 4. Let w be i(c). Suppose w*f - 9*f = 15. List the prime factors of f.
3, 5
Let i = 151 - -503. What are the prime factors of i?
2, 3, 109
Suppose -2*l = 3*l. Let x be 12/3*(l + 1). Suppose -x*n = -3*n - 6. What are the prime factors of n?
2, 3
Let x be 11 - (-3 + 2) - 0. Suppose -5*r + x = 2. Suppose 0*z - 3*w = -z + 34, -5*z + r*w + 183 = 0. What are the prime factors of z?
37
Suppose -3*z = 3 - 12. Let v be (8/3 + 0)*z. Suppose v*n - 6 = 7*n. What are the prime factors of n?
2, 3
Let o = 191 - -400. List the prime factors of o.
3, 197
Suppose 2*b = -l + 5, 4*l + 4*b = l + 13. Suppose 0 = -l*t - 2*x - 10, 2 = -5*t - x - 3. Suppose t = -7*w + 2*w + 180. List the prime factors of w.
2, 3
Let k = -6 - -6. Let f be 1/(-3)*(k - 159). Suppose 0 = -3*o + f + 37. What are the prime factors of o?
2, 3, 5
Let s = 4143 - 748. What are the prime factors of s?
5, 7, 97
List the prime factors of (-1)/(((-42)/(-2346))/(-7)).
17, 23
List the prime factors of 6126/(54/9) + 0.
1021
Let h(a) = a**3 + 4*a**2 + 3*a - 3. Let y(r) = r**2 - 8*r - 5. Let o be y(9). What are the prime factors of h(o)?
137
Suppose -4*o + m = -3509, 4*m - 4387 = -5*o + 6*m. List the prime factors of o.
877
Suppose -5*z = -2*r + 853 + 407, -r = 3*z - 608. What are the prime factors of r?
2, 5, 31
Let n(m) = 2*m**3 - m**2 + 19*m + 1. List the prime factors of n(6).
7, 73
Let t(h) = 13*h**2 + 2*h + 1. Suppose 8*m + 8 = 4*m. What are the prime factors of t(m)?
7
Let w(v) = -73*v + 86. List the prime factors of w(-12).
2, 13, 37
Suppose 0 = -p + 3 + 1. Suppose -3*d = -2*f + 19 + 35, -2*d + 4*f = 44. What are the prime factors of ((-156)/d)/(p/16)?
3, 13
Let j = 75 + 6. What are the prime factors of j?
3
Let s be (105 - 95)/((-2)/(-3)). Let w = -2 - -1. What are the prime factors of (19 - s) + (w - 1)?
2
List the prime factors of (696/(-10))/(798/(-60) + 13).
2, 29
Suppose 0 = 2*l - 7223 + 409. What are the prime factors of l?
3407
Let z(c) = -c**3 - c**2 + c. Let b = 13 - 14. Let k(j) = 3*j**3 + 5*j**2 - j + 2. Let u(m) = b*k(m) - 4*z(m). What are the prime factors of u(3)?
7
List the prime factors of (296/16)/((-4)/(-8)).
37
Let u(b) be the first derivative of b**4/4 + 2*b**3 - 3*b**2 + 9*b - 3. List the prime factors of u(-6).
3, 5
What are the prime factors of -161*(-7 - 75/(-35))?
2, 17, 23
Suppose 16*v + 350 = 3*n + 20*v, -2*v = -n + 110. List the prime factors of n.
2, 3, 19
List the prime factors of (46/(-4))/(-3 + 1038/348).
23, 29
Let h(u) be the third derivative of u**7/2520 + 3*u**5/40 + u**4/24 - u**2. Let j(v) be the second derivative of h(v). List the prime factors of j(0).
3
Let u = 988 - 73. What are the prime factors of u?
3, 5, 61
Let i be 20/(-12)*(-12)/10. Let q be (i - 2)/(0 + 1). Suppose -3*z + 23 = -g, q*z - 2*g - 6 = -z. List the prime factors of z.
2
Let q = 742 - 435. List the prime factors of q.
307
Let a be (-12)/(-5) + (-20)/50. Suppose -a*r + 58 = -5*r - v, 72 = -4*r - 4*v. List the prime factors of ((-15)/(-10))/((-3)/r).
2, 5
Suppose 2*p = 5*b - 1383 - 1024, 2423 = 5*b + 2*p. What are the prime factors of b?
3, 7, 23
Let g(w) = 3*w**2 + 5*w + 13. Suppose -3*i + 2*i = 6. What are the prime factors of g(i)?
7, 13
Suppose -9723 - 10089 = -52*i. What are the prime factors of i?
3, 127
Let j be 8/(-44) - (-420)/11. Let f = j - 17. List the prime factors of f.
3, 7
Let y(w) = w**2 + 6*w - 6. Let c be y(-5). Let q be (-8)/(-2)*c/(-22). Suppose 3*g - 3 = -3*s + 4*s, q*s + 5*g - 16 = 0. List the prime factors of s.
3
Let r(q) = -27*q - 14. Let o be r(-12). Suppose -o = -4*d + 2*d. What are the prime factors of d?
5, 31
Let a be (-3)/6 - 2488/(-16). Suppose a*c - 336 = 153*c. List the prime factors of c.
2, 3, 7
Suppose 2*p - 139 = -5*a, 0 = -4*p - p - 5*a + 370. What are the prime factors of p?
7, 11
Let x(p) = -p - 1. Let u(g) = g**2 - 7*g - 8. Let s be u(8). Let i be x(s). Let y = i - -4. What are the prime factors of y?
3
Let n(u) = 14*u + 8. Let a be n(-3). Let l = a - -42. What are the prime factors of l?
2
Suppose 0*q - 8 = -4*q. Suppose 0*u - u = -3*i - 9, 8 = q*u + 4*i. List the prime factors of -15*(-5)/(45/u).
2, 5
Let c(k) = 360*k**2 - 26*k + 57. List the prime factors of c(2).
5, 17
Let g(o) = o**3 - 6*o**2 - 2*o + 13. What are the prime factors of g(8)?
5
Let s = 69 - 34. Let d = 15 + s. What are the prime factors of d?
2, 5
Suppose -3393 = u - 10*u. What are the prime factors of u?
13, 29
Suppose -26*n + 23*n = -312. What are the prime factors of n?
2, 13
Suppose 0 = -12*l + 6390 + 9630. What are the prime factors of l?
3, 5, 89
List the 